mber?
True
Is 186769 composite?
True
Is 452671 prime?
True
Is 16997 prime?
False
Is 35663 prime?
False
Is 989 a composite number?
True
Is 26747 a prime number?
False
Is 8299 prime?
False
Is 18751 a prime number?
False
Is 2098061 composite?
True
Is 21139 composite?
False
Is 212902 a composite number?
True
Is 3713 composite?
True
Is 2127 a prime number?
False
Is 2323 prime?
False
Is 25253 a composite number?
False
Is 2241667 a prime number?
True
Is 87931 a prime number?
True
Is 590021 a prime number?
True
Is 5569 composite?
False
Is 592897 a prime number?
True
Is 38167 a prime number?
True
Is 43237 prime?
True
Is 82213 composite?
True
Is 34163 prime?
False
Is 109477 composite?
True
Is 159141 prime?
False
Is 734701 prime?
False
Is 8885 composite?
True
Is 7071 a composite number?
True
Is 4769 prime?
False
Is 127 a composite number?
False
Is 13843 composite?
True
Is 98971 prime?
False
Is 80263 composite?
False
Is 1187815 a composite number?
True
Is 15037 a composite number?
True
Is 378487 a prime number?
False
Is 235022 a prime number?
False
Is 534491 a prime number?
True
Is 218869 a prime number?
False
Is 6637 a composite number?
False
Is 14119 a prime number?
False
Is 41071 a prime number?
False
Is 111467 prime?
True
Is 206447 a prime number?
True
Is 37397 a prime number?
True
Is 413 a prime number?
False
Is 168581 a prime number?
False
Is 2651 prime?
False
Is 132371 a composite number?
False
Is 154939 prime?
False
Is 18301 a composite number?
False
Is 4267 prime?
False
Is 1513279 prime?
False
Is 22937 a prime number?
True
Is 33149 a composite number?
False
Is 234229 prime?
False
Is 6131 composite?
False
Is 443203 composite?
False
Is 1006001 composite?
True
Is 1439 composite?
False
Is 6371 a prime number?
False
Is 31769 composite?
False
Is 23801 composite?
False
Is 94 a prime number?
False
Is 410854 prime?
False
Is 18347 a composite number?
True
Is 3019541 a composite number?
True
Is 27163 composite?
True
Is 207377 a prime number?
True
Is 4733 a composite number?
False
Is 5917 a composite number?
True
Is 21683 prime?
True
Is 135955 composite?
True
Is 111263 a composite number?
False
Is 21205 composite?
True
Is 27611 composite?
False
Is 576253 prime?
False
Is 37589 a prime number?
True
Is 256967 a composite number?
False
Is 290793 composite?
True
Is 175129 a composite number?
False
Is 6731 composite?
True
Is 5513 prime?
False
Is 4099 prime?
True
Is 73187 a prime number?
False
Is 330007 a composite number?
True
Is 1262 a composite number?
True
Is 64601 composite?
False
Is 2521 a prime number?
True
Is 17011 a composite number?
False
Is 497558 a prime number?
False
Is 46211 prime?
False
Is 10369 prime?
True
Is 43933 composite?
False
Is 2929807 a composite number?
False
Is 5482303 composite?
True
Is 1471 prime?
True
Is 793297 composite?
False
Is 17455 prime?
False
Is 743047 a composite number?
False
Is 851 a prime number?
False
Is 128909 composite?
True
Is 1801 composite?
False
Is 2611513 composite?
False
Is 1608989 prime?
False
Is 69557 a composite number?
False
Is 57367 a composite number?
False
Is 15217 a prime number?
True
Is 52919 composite?
False
Is 5623 a prime number?
True
Is 6421 a prime number?
True
Is 36257 a composite number?
True
Is 13063 prime?
True
Is 3337 a prime number?
False
Is 400319 prime?
False
Is 211441 composite?
False
Is 706 a prime number?
False
Is 1115 a prime number?
False
Is 7817 composite?
False
Is 1361 a prime number?
True
Is 1731374 a prime number?
False
Is 450439 a composite number?
True
Is 1088903 composite?
False
Is 5339 a prime number?
False
Is 48005 prime?
False
Is 2019317 a composite number?
False
Is 17707 prime?
True
Is 25505 prime?
False
Is 3705049 a prime number?
False
Is 1801 prime?
True
Is 229817 a prime number?
False
Is 90205 a prime number?
False
Is 663031 composite?
False
Is 58511 composite?
False
Is 50791 composite?
True
Is 140899 a prime number?
False
Is 5722 a composite number?
True
Is 84451 a composite number?
True
Is 581195 composite?
True
Is 28081 a prime number?
True
Is 587 a prime number?
True
Is 353603 a composite number?
False
Is 22853 a prime number?
True
Is 57457 prime?
True
Is 15149 prime?
True
Is 129233 a composite number?
True
Is 68167 a composite number?
True
Is 156917 a composite number?
True
Is 264697 composite?
False
Is 6121 a prime number?
True
Is 30322 a prime number?
False
Is 11597 a composite number?
False
Is 34583 a composite number?
False
Is 517 prime?
False
Is 248057 composite?
False
Is 8026 a prime number?
False
Is 71447 a composite number?
True
Is 1348699 composite?
True
Is 3253417 a composite number?
False
Is 3551 a composite number?
True
Is 59263 prime?
True
Is 10007 prime?
True
Is 56861 a prime number?
False
Is 92249 a prime number?
False
Is 2174 a composite number?
True
Is 51717 a prime number?
False
Is 39191 prime?
True
Is 61331 a prime number?
True
Is 73543 prime?
False
Is 3719 a composite number?
False
Is 851627 composite?
True
Is 8287 a prime number?
True
Is 307 a prime number?
True
Is 851 a composite number?
True
Is 720695 prime?
False
Is 32995 composite?
True
Is 855257 a prime number?
False
Is 550001 composite?
True
Is 636047 composite?
True
Is 320899 a composite number?
False
Is 526531 a composite number?
False
Is 604559 prime?
True
Is 169213 a prime number?
False
Is 144379 a prime number?
True
Is 961021 prime?
True
Is 120093 prime?
False
Is 776483 prime?
True
Is 53689 a composite number?
True
Is 6865 prime?
False
Is 25195 a prime number?
False
Is 81817 prime?
True
Is 219577 a prime number?
True
Is 1437 a composite number?
True
Is 82541 prime?
False
Is 573121 a prime number?
False
Is 66449 a composite number?
False
Is 53033 prime?
False
Is 303491 a prime number?
True
Is 157543 a prime number?
True
Is 337385 prime?
False
Is 299597 a prime number?
False
Is 38209 a prime number?
False
Is 53059 composite?
True
Is 3218939 a composite number?
False
Is 2537797 a prime number?
False
Is 21959 composite?
True
Is 955 a prime number?
False
Is 38833 a prime number?
True
Is 2156267 a composite number?
True
Is 29897 composite?
True
Is 10793 prime?
False
Is 2921 a composite number?
True
Is 281795 prime?
False
Is 31319 composite?
False
Is 177095 prime?
False
Is 59599 a prime number?
False
Is 135715 a composite number?
True
Is 2459 prime?
True
Is 9543 prime?
False
Is 2771 a composite number?
True
Is 55987 prime?
True
Is 131 prime?
True
Is 4111 composite?
False
Is 16418 composite?
True
Is 17257 composite?
False
Is 67391 composite?
False
Is 63653 a composite number?
True
Is 8579 a prime number?
False
Is 49403 composite?
True
Is 35729 a prime number?
True
Is 80917 prime?
True
Is 855187 a prime number?
True
Is 29261 a composite number?
True
Is 3953 composite?
True
Is 901 prime?
False
Is 91779 prime?
False
Is 59611 a composite number?
False
Is 204427 a composite number?
False
Is 5917 prime?
False
Is 626873 composite?
True
Is 10267 composite?
False
Is 39749 a composite number?
False
Is 88643 a prime number?
True
Is 6609 a prime number?
False
Is 17231 a composite number?
False
Is 509567 composite?
True
Is 1238717 prime?
True
Is 7751 a composite number?
True
Is 1394909 prime?
True
Is 436399 a prime number?
True
Is 723029 composite?
False
Is 16855 prime?
False
Is 60482 a prime number?
False
Is 126167 a prime number?
False
Is 1523 a prime number?
True
Is 1337 composite?
True
Is 49417 a prime number?
True
Is 78203 prime?
True
Is 19099 prime?
False
Is 124633 prime?
True
Is 117583 prime?
False
Is 59431 prime?
False
Is 12326 a composite number?
True
Is 6711 a prime number?
False
Is 25577 a composite number?
False
Is 146571 a prime number?
False
Is 132599 a composite number?
True
Is 655 composite?
True
Is 35303 prime?
False
Is 528373 composite?
False
Is 217277 a composite number?
True
Is 31051 prime?
True
Is 152087 a composite number?
True
Is 15467 a prime number?
True
Is 187699 composite?
False
Is 63577 prime?
True
Is 21542 a prime number?
False
Is 508501 a composite number?
True
Is 81419 a composite number?
True
Is 74197 composite?
False
Is 1489867 a composite number?
False
Is 21859 prime?
True
Is 837205 composite?
True
Is 209213 a prime number?
True
Is 19849 composite?
True
Is 88937 a prime number?
True
Is 15959 a composite number?
False
Is 2277839 prime?
False
Is 391607 composite?
True
Is 162